Suppose n*o - 13 = 9*o. Let w = -10 - o. Let l(m) = -m**2 + 2*m - 1. Calculate l(w).
-4
Let p(m) = 3*m**2 - 7*m. Let i(o) = 2*o**2 - 7*o + 1. Let f(r) = -4*i(r) + 3*p(r). Determine f(-7).
-4
Let p be 16/(-56) + 23/7. Let x(j) = j**3 - 2*j**2 - 3*j + 4. Give x(p).
4
Let h(s) be the second derivative of -s**4/12 - s**3/2 - s**2 + 2*s. Suppose 4*u - 3*g + 11 = 0, u - 3*g + 7 = 2*g. Give h(u).
0
Suppose -2*w + 2*v - 8 = 0, -w - 14 = w + 4*v. Let n(y) = y + 5. Calculate n(w).
0
Suppose 6 + 14 = 4*p. Suppose 9 = p*m - 6. Let a(y) = -y. Give a(m).
-3
Let a be -1*(-21)/6 - (-1)/2. Let o(i) = i**3 - 3*i**2 - i - 4. What is o(a)?
8
Suppose 2*u + 14 = -2*s, -4*s - 28 = -2*u + 5*u. Let p(j) = j - 10. Give p(s).
-17
Let n(o) = o + 2. Let i(y) be the second derivative of -y**4/12 + y**3/3 - 3*y**2/2 + 2*y. Let t be i(2). Give n(t).
-1
Let y(h) = 2*h - 1. Let c(p) = 5*p**2 - 1. Let i be c(-1). Let k be (-4 - -4) + 1*2. Let a be i - 4 - (1 - k). Determine y(a).
1
Let j(i) = -i. Let y be j(0). Suppose 5*l + 5*f - 30 = 0, y*l = -5*l - f + 22. Let b(w) = -w**2 + 7*w - 4. Calculate b(l).
8
Let k(i) = 4*i**3 - i**2. Suppose 14 = -3*w + 4*o, -2 = -3*w + 2*o - 6. Suppose -m + w*y + 3 = y, -3*m - y = -5. Let z = m + -3. What is k(z)?
-5
Let p(c) = -c**2 - 4. Suppose 0 = 4*s - 8*s. Determine p(s).
-4
Let v = 8 - 9. Let j(c) = 6*c**2 + c + 1. What is j(v)?
6
Let a be 1 - 2 - (7 + -2). Let r be (a/(-4))/(6/12). Let d(i) = i + 3. Give d(r).
6
Suppose -6 = 5*q + 4. Let i(z) = -2*z + 2. Give i(q).
6
Let q = 7 + 0. Let m = 12 - q. Let r(o) = m*o - 3*o + 5*o - 2*o + 1. Give r(1).
6
Let s(v) = -v**3 + 3*v**2 + 6*v - 6. Let n be s(3). Let h(m) = m - 9. Give h(n).
3
Let l(d) = d**2 + 6*d - 11. Let g(c) = -c**2 - 7*c + 12. Let n(m) = -5*g(m) - 6*l(m). Give n(-5).
-14
Let r(z) = -z**3 + 6*z**2 - 4*z + 4. Let m(v) = -2*v**2 - v + 1. Let a be m(1). Let q be (20/(-8))/(1/a). What is r(q)?
9
Let j(n) = -n**3 + 4*n**2 - 2*n + 2. Suppose 15 = 2*d + 7. What is j(d)?
-6
Let x(w) = -1. Let v(a) = a - 6. Let l(h) = v(h) - 6*x(h). What is l(5)?
5
Let i(n) = -8*n**2 - 3*n - 3. Let q(g) = 8*g**2 + 4*g + 4. Let v(j) = 3*j - 3. Let b be v(2). Let r(s) = b*i(s) + 2*q(s). Calculate r(-1).
-8
Let h(p) = -p**2 + 4*p - 5. Let m(n) be the third derivative of n**2 - 1/6*n**4 + 0 + 0*n + 1/6*n**3. Let a be m(-1). What is h(a)?
-10
Let i be (-24)/(-20)*(-5)/(-2). Let y(l) = l + 0*l + i*l. Let g be ((-3)/(-2))/((-3)/4). Give y(g).
-8
Let t be 0/(1 - -2 - (-1 + 2)). Let a(b) = -b**3 + b**2 + 11. Give a(t).
11
Let h(p) be the first derivative of -p**2/2 - 9*p - 6. Suppose -3*k - j + 21 = -7*k, 2*k + 7 = -3*j. Give h(k).
-4
Let y(q) be the first derivative of q**4/4 + 2*q**3/3 - 3*q**2/2 - q + 12. What is y(-3)?
-1
Let i(f) = 3*f**2 + 14*f - 14. Let v(z) = z**2 + 5*z - 5. Let k be -2 - (-5 + -1 - 0). Let l(y) = k*i(y) - 11*v(y). What is l(1)?
1
Let l = -5 - -33. Suppose -3*v = -16 + l. Let r(i) = -i**3 - 3*i**2 + 5*i + 4. Determine r(v).
0
Let s be ((-1)/(-4))/(9/12). Let g(o) be the second derivative of -s*o**3 + 1/20*o**5 - o + 0 + 1/12*o**4 + 1/2*o**2. Determine g(-2).
1
Suppose 3*x = -4*a + 48, 5*a - x - 24 = 3*a. Let j be 1/(-3) - (-40)/a. Let p(o) be the first derivative of o**2/2 + o + 1. Calculate p(j).
4
Let y(t) = -t**2 + 6*t - 1. Let k(j) = -j**3 + 5*j**2 - 6*j + 5. Let i be k(3). Calculate y(i).
4
Let u(x) be the second derivative of x**5/60 - x**2/2 - x. Let t(f) be the first derivative of u(f). Let r = -5 + 7. Determine t(r).
4
Let n = 13 + -10. Suppose 0 = -4*t + 7 - n. Let v(k) = 4*k + 1. Determine v(t).
5
Let g(x) = -2*x**2 + 6*x - 2. Let f(d) = -d**2 + 5*d - 2. Let c(a) = 5*f(a) - 4*g(a). Let s(j) = j - 6. Suppose 19 + 1 = 5*u. Let z be s(u). What is c(z)?
8
Suppose 0 = 4*m - 4*g + 28, 0*m = -m + 3*g - 9. Let j(p) = -5*p - 3. Let v(n) = -3*n - 1. Let o(k) = m*j(k) + 11*v(k). Calculate o(5).
-8
Let a(b) be the first derivative of 5*b**4/4 - b**2 + b - 15. Determine a(1).
4
Let y(n) = n**2 + 9. Let s(h) = -1. Let l(g) = -18*s(g) - 2*y(g). Calculate l(1).
-2
Let v be -1*1/(2/10). Let o = 9 + v. Suppose -4*a - o = -2*a. Let n(x) = x**3 + 3*x**2 + x. Give n(a).
2
Let h(g) = -g + 3. Suppose -x + 10 + 1 = 0. Suppose -3*k + 1 = -x. What is h(k)?
-1
Suppose 0 = r - 2 + 3. Let c(d) = 3*d**2 - 1. Determine c(r).
2
Let h(x) = x**2 - x. Let g(u) = -6*u**2 + 13*u - 7. Let t(k) = g(k) + 5*h(k). Calculate t(6).
5
Let w(s) = -s + 1. Let u(j) = 7*j - 13. Let a(c) = -u(c) - 6*w(c). What is a(6)?
1
Let c(a) = 7*a**3 - 4*a**2 - 9*a + 3. Let b(n) = n**3 - n**2 - n. Let u(g) = -6*b(g) + c(g). Suppose -3*q + 5*j = 19, -1 = -3*q + 3*j - 16. Give u(q).
3
Let u be ((-6)/(-18))/(2/30). Suppose -3*r - 25 = u*y, 0*r + 3*r - 3*y + 9 = 0. Let h(q) = q**3 + 5*q**2 - 6. What is h(r)?
-6
Let h(o) = 1 - 1 + o + o**2. Suppose 0 = -5*i + u + 2*u - 32, -3*i = -2*u + 20. Let j(a) = 2*a + 5. Let r be j(i). What is h(r)?
6
Let y(o) = -4*o - 8. Let p(k) = k + 1. Let u(q) = 3*p(q) + y(q). Give u(-8).
3
Let z(v) = 4*v**3 - 4*v**2 - 4*v + 10. Let g = 2 + -2. Let s = 5 - g. Let i(m) = m**3 - m**2 - m + 1. Let d(j) = s*i(j) - z(j). What is d(0)?
-5
Let g(i) = -i**3 + i**2 + 2*i - 1. Let v(o) = 6*o - 12. Let s(t) = -2*t + 4. Let r(k) = -16*s(k) - 5*v(k). Let h be r(3). Give g(h).
-1
Let y(h) = h**3 - 3*h**2 + h - 5. Let k = 187 - 183. What is y(k)?
15
Let h(x) = -2*x + 1. Let v(d) = -d + 1. Let z(y) = y**2 + 8*y - 5. Let f(u) = 5*v(u) + z(u). Let w be f(-4). Calculate h(w).
-7
Let k(t) be the third derivative of -1/20*t**5 + 4*t**2 - 1/8*t**4 - 1/120*t**6 - 2/3*t**3 + 0*t + 0. Calculate k(-3).
5
Let x(w) = -w + 8. Let p be x(10). Let v(q) = q**2 - q - 1. Let n be v(p). Let k(z) = -z - 2. What is k(n)?
-7
Let o(i) be the second derivative of -i**4/12 - 5*i**3/6 - 2*i**2 - 2*i. Let r = 48 - 30. Let j be 1/(-2) + r/(-4). Give o(j).
-4
Suppose -5*j = 10, t - 22 = -3*j - 5. Suppose 3*m = -2*n + 9, -4*n - 14 = -5*m + t. Let l(x) = -2*x - x - 4*x**2 + 5*x**2 + m. Calculate l(4).
9
Let a(k) = -k**2 - 5*k + 2. Let u(v) = -6*v - 29. Let g be u(-4). Determine a(g).
2
Suppose 2*t - 4 = 0, 4*c - 20 = -t + 3*t. Let u(v) = 2*v - 6. Give u(c).
6
Let a(x) = -12*x - 4. Let d(v) = -8*v - 3. Let j(y) = 5*a(y) - 7*d(y). Let b(q) = q - 4. Let u be b(6). Suppose 5*z - u*z = 6. What is j(z)?
-7
Let q(x) = -3*x**2 + 11*x - 2. Let b(z) = -z**2 + z - 1. Let u(k) = 4*b(k) - q(k). Suppose 49 + 137 = -31*p. Calculate u(p).
4
Let d(r) = -5 + r + 12 - 12. What is d(10)?
5
Let t be (-2)/(-5)*(-5 + 10). Let d(n) = -n**3 + n + 0*n**2 - 2*n**2 - t*n. What is d(-2)?
2
Let h(z) = -z**3 + 5*z**2 + 5*z + 4. Let g(t) = -6*t - 5. Let a(r) = -r - 1. Let b(o) = 5*a(o) - g(o). Let l be b(6). What is h(l)?
-2
Let d(l) = -l - 1. Let i(j) = -2*j - 8. Let s(t) = -4*d(t) + i(t). Suppose -3*k - 14 = -x, -3*k - 11 = 5*x - 27. Give s(x).
6
Let w(j) be the second derivative of -1/2*j**2 - 1/6*j**3 + 5*j + 0. Calculate w(-6).
5
Let x(q) = 7 - q + 5*q - 5 - 6*q. Suppose 0 = 3*l + 6. Calculate x(l).
6
Let u(o) = -o**2 - 7*o - 6. Let q be (3 + 3)/(6/(-4)). Calculate u(q).
6
Let s(f) be the first derivative of -2*f**3/3 + 3*f**2/2 - f + 13. Give s(2).
-3
Let o = -42 - -39. Let a(k) = -4*k - 4. What is a(o)?
8
Let p(w) = 0*w**2 + w + 5*w**2 - 1 + 0. Let i be 1/(-2)*(2 + -4). Calculate p(i).
5
Suppose 0 = 4*g - 45 + 17. Let p(d) = -g*d + 8*d + d**2 - 2*d. Suppose 0 = 3*y - 6. Give p(y).
2
Let d(q) = -q**3 + 6*q**2 - 2*q + 7. Let u be 8 + (-4 - (-3 + 1)). What is d(u)?
-5
Let h(y) be the third derivative of y**6/120 - 7*y**5/60 + y**4/3 - 2*y**3/3 - 10*y**2 - y. Suppose 3*b + 4*d - 25 = -2, 0 = -4*b - 4*d + 28. Calculate h(b).
-14
Let p(n) = n**2 + 2*n - 1. Let y be 4/(-12)*(7 + -1). Determine p(y).
-1
Let w(a) = a**3 + 2 + 7*a**2 + 3*a - 4*a**2 + a**2. Let z(c) = -c + 5. Suppose -11 = -2*j + 3. Let b be z(j). What is w(b)?
4
Let s(c) = c**2 - 11*c + 8. Let i be ((1 - 0) + -2)*-10. What is s(i)?
-2
Let k(x) = -8*x**3 + x**2 - 1. Suppose -3*t = -5*v + 3, -5 = 2*t - 2*v - 3. Give k(t).
8
Suppose 4*u - 7 - 1 = 0. Let s(f) = -2 - 1 - 3 - f**u + 7. Calculate s(1).
0
Let m be -1*0/(2 - 0). Let q be (-3)/(3/1 + -4). Let y(t) = -q*t - 2 - 4*t - 6 + 6*t. Determine y(m).
-8
Let p(b) = b - 1. Let i(u) = 4*u**3 - 7*u - u**2 - 3*u**3 + 5*u**2 - 4. Let v be i(-5). Let z be -3 + 0 + 3 + v. Calculate p(z).
5
